{"id":565,"date":"2024-06-18T20:09:38","date_gmt":"2024-06-18T20:09:38","guid":{"rendered":"https:\/\/ieeeismar.org\/?page_id=565"},"modified":"2024-08-19T05:35:00","modified_gmt":"2024-08-19T05:35:00","slug":"st-programme-committee","status":"publish","type":"page","link":"https:\/\/ieeeismar.org\/st-programme-committee\/","title":{"rendered":"S&amp;T Programme Committee"},"content":{"rendered":"\n<h3 class=\"wp-block-heading has-accent-color has-text-color has-link-color wp-elements-99957f28e8b82fefd15f2136db2481b1\">Program Chairs<\/h3>\n\n\n\n<p><strong>Ulrich Eck<\/strong>, TU Munich, Munich, Germany<br><strong>Misha Sra<\/strong>, UC Santa Barbara, Santa Barbara, United States<br><strong>Jeanine Stefanucci<\/strong>, University of Utah, Salt Lake City, United States<br><strong>Maki Sugimoto<\/strong>, Keio University, Tokyo, Japan<br><strong>Markus Tatzgern<\/strong>, Salzburg University of Applied Sciences, Salzburg, Austria<br><strong>Ian Williams<\/strong>, Birmingham City University, Birmingham, United Kingdom<\/p>\n\n\n\n<div style=\"height:30px\" aria-hidden=\"true\" class=\"wp-block-spacer\"><\/div>\n\n\n\n<h3 class=\"wp-block-heading has-accent-color has-text-color has-link-color wp-elements-91a4ab7b67a565005c8353700fc71cd4\">Committee Members<\/h3>\n\n\n\n<p><strong>Matt Adcock<\/strong>, CSIRO, Canberra, Australia<br><strong>Isayas Adhanom<\/strong>, University of Minnesota, Minneapolis, United States<br><strong>Georgia Albuquerque<\/strong>, German Aerospace Center, Braunschweig, Germany<br><strong>Toshiyuki Amano<\/strong>, Wakayama University, Wakayama, Japan<br><strong>Christoph Anthes<\/strong>, University of Applied Sciences Upper Austria, Hagenberg, Austria<br><strong>Mohammed Safayet<\/strong>, Arefin, Colorado State University, Fort Collins, United States<br><strong>Alessandro, Artusi<\/strong>, CYENS CoE, Nicosia, Cyprus<br><strong>Ehsan Azimi<\/strong>, Johns Hopkins University, Baltimore, United States<br><strong>Jorge Luis Bacca-Acosta<\/strong>, Fundaci\u00f3n Universitaria Konrad Lorenz , Bogota, Colombia<br><strong>Zhen Bai<\/strong>, University of Rochester, Rochester, United States<br><strong>Anil Ufuk Batmaz<\/strong>, Concordia University, Montreal, Canada<br><strong>Lonni Besan\u00e7on<\/strong>, Link\u00f6ping University, Norrk\u00f6ping, Sweden<br><strong>Mark Billinghurst<\/strong>, University of South Australia, Mawson Lakes, Australia<br><strong>Wolfgang Broll<\/strong>, Ilmenau University of Technology, Ilmenau, Germany<br><strong>Gerd Bruder<\/strong>, University of Central Florida, Orlando, United States<br><strong>Hugo Brument<\/strong>, TU Wien, Vienna, Austria<br><strong>Andrea B\u00f6nsch<\/strong>, RWTH Aachen University, Aachen, Germany<br><strong>Abraham G. Campbell<\/strong>, University College Dublin, Dublin, Ireland<br><strong>Amine Chellali<\/strong>, Univ Evry,Universit\u00e9 Paris Saclay, Evry, France<br><strong>Manuela Chessa<\/strong>, University of Genoa, Genoa, Italy<br><strong>Isaac Cho<\/strong>, Utah State University, Logan, United States<br><strong>Suyeon Choi<\/strong>, Stanford University, Stanford, United States<br><strong>Tanvir Irfan Chowdhury<\/strong>, Marshall University, Huntington, United States<br><strong>Andrew Cunningham<\/strong>, University of South Australia, Adelaide, Australia<br><strong>Klen \u010copi\u010d Pucihar<\/strong>, University of Primorska, Koper, Slovenia<br><strong>Brendan David-John<\/strong>, Virginia Tech, Blacksburg, United States<br><strong>Raffaele De Amicis<\/strong>, Oregon State University, Corvallis, United States<br><strong>Francesca De Crescenzio<\/strong>, University of Bologna, Bologna, Italy<br><strong>Massimiliano Di Luca<\/strong>, University of Birmingham, Birmingham, United Kingdom<br><strong>Miguel Dias<\/strong>, Iscte, Lisbon, Portugal<br><strong>Jean-Yves Didier<\/strong>, Universit\u00e9 Paris-Saclay, Evry, France<br><strong>John Dudley<\/strong>, University of Cambridge, Cambridge, United Kingdom<br><strong>Thierry Duval<\/strong>, IMT Atlantique, Brest, France<br><strong>Ralf D\u00f6rner<\/strong>, RheinMain University of Applied Sciences, Wiesbaden, Germany<br><strong>Jessie Eubanks<\/strong>, Intuitive, Sunnyvale, United States<br><strong>Alessandro Evangelista<\/strong>, Polytechnic University of Bari, Bari, Italy<br><strong>Steven Feiner<\/strong>, Columbia University, New York, United States<br><strong>Francesco Ferrise<\/strong>, Politecnico di MIlano, Milan, Italy<br><strong>Pablo Figueroa<\/strong>, Universidad de los Andes, Bogota, Colombia<br><strong>Michele Fiorentino<\/strong>, Polytechnic Institute of Bari, Bari, Italy<br><strong>C\u00e9dric Fleury<\/strong>, IMT Atlantique, Brest, France<br><strong>Maite Frutos-Pascual<\/strong>, Birmingham City University, Birmingham, United Kingdom<br><strong>BoYu Gao<\/strong>, Jinan University, Guangzhou, China<br><strong>Michele Gattullo<\/strong>, Polytechnic University of Bari, Bari, Italy<br><strong>Alexandre Gomes de Siqueira<\/strong>, Florida University, Gainesville, United States<br><strong>Jens Grubert<\/strong>, Coburg University, Coburg, Germany<br><strong>Frank Guan<\/strong>, Singapore Institute of Technology, Singapore, Singapore<br><strong>Christian Hansen<\/strong>, Faculty of Computer Science, Magdeburg, Germany<br><strong>Carlo Harvey<\/strong>, Birmingham City University, Birmingham, United Kingdom<br><strong>Takefumi Hiraki<\/strong>, Cluster Metaverse Lab, Tokyo, Japan<br><strong>Yuichi Hiroi<\/strong>, Cluster Metaverse Lab, Tokyo, Japan<br><strong>Simon Hoermann<\/strong>, University of Canterbury, Christchurch, New Zealand<br><strong>Victoria Interrante<\/strong>, University of Minnesota, Minneapolis, United States<br><strong>Andrew Irlitti<\/strong>, The University of Melbourne, Melbourne, Australia<br><strong>Mariko Isogawa<\/strong>, Keio University, Yokohama, Japan<br><strong>Yuta Itoh<\/strong>, The University of Tokyo, Tokyo, Japan<br><strong>Daisuke Iwai<\/strong>, Osaka University, Toyonaka, Japan<br><strong>Seokhee Jeon<\/strong>, Kyung Hee University, Yongin-si, Korea, Republic of<br><strong>Janet Johnson<\/strong>, University of Michigan, Ann Arbor, Ann Arbor, United States<br><strong>Joaquim Jorge<\/strong>, Universidade de Lisboa, Lisboa, Portugal<br><strong>Sungchul Jung<\/strong>, Kennesaw State University, Marietta, United States<br><strong>Denis Kalkofen<\/strong>, Flinders University, Adelaide, Australia<br><strong>Kangsoo Kim<\/strong>, University of Calgary, Calgary, Canada<br><strong>Kiyoshi Kiyokawa<\/strong>, Nara Institute of Science and Technology, Ikoma, Japan<br><strong>Gudrun Klinker<\/strong>, Technical University of Munich, Munich, Germany<br><strong>Matja\u017e Kljun<\/strong>, University of Primorska, Koper, Slovenia<br><strong>Regis Kopper<\/strong>, Iowa State University, Ames, United States<br><strong>Julian Kreimeier<\/strong>, Technical University of Munich, Munich, Germany<br><strong>Per Ola Kristensson<\/strong>, University of Cambridge, Cambridge, United Kingdom<br><strong>Arun Kulshreshth<\/strong>, University of Louisiana at Lafayette, Lafayette, United States<br><strong>Joseph LaViola<\/strong>, University of Central Florida, Orlando, United States<br><strong>Wallace Lages<\/strong>, Northeastern University, Boston, United States<br><strong>Gun Lee<\/strong>, University of South Australia, Adelaide, Australia<br><strong>Vincent Lepetit<\/strong>, TU Graz, Graz, Austria<br><strong>Robert LiKamWa<\/strong>, Arizona State University, Tempe, United States<br><strong>Hai-Ning Liang<\/strong>, Xi&#8217;an Jiaotong-Liverpool University, Suzhou, China<br><strong>Fotis Liarokapis<\/strong>, CYENS &#8211; Centre of Excellence, Nicosia, Cyprus<br><strong>Robert Lindeman<\/strong>, University of Canterbury, Christchurch, New Zealand<br><strong>David Lindlbauer<\/strong>, Carnegie Mellon University, Pittsburgh, United States<br><strong>Lee Lisle<\/strong>, Virginia Tech, Blacksburg, United States<br><strong>Shiguang Liu<\/strong>, Tianjin University, Tianjin, China<br><strong>Yue Liu<\/strong>, Beijing Institute of Technology, Beijing, China<br><strong>Domitile Lourdeaux<\/strong>, Universit\u00e9 de technologie de Compi\u00e8gne, Compi\u00e8gne, France<br><strong>Xuequan Lu<\/strong>, La Trobe University, Melbourne, Australia<br><strong>Stephan Lukosch<\/strong>, University of Canterbury, Christchurch, New Zealand<br><strong>Anderson Maciel<\/strong>, Universidade de Lisboa, Lisbon, Portugal<br><strong>Yasutoshi Makino<\/strong>, The University of Tokyo, Kashiwa, Japan<br><strong>Vito Manghisi<\/strong>, Polytechnic University of Bari, Bari, Italy<br><strong>Xiaoyang Mao<\/strong>, University of Yamanashi, Kofu, Japan<br><strong>Maud Marchal<\/strong>, Univ. Rennes, INSA, IRISA, Inria, Rennes, France<br><strong>Alejandro Martin-Gomez<\/strong>, Johns Hopkins University, Baltimore, United States<br><strong>Katsutoshi Masai<\/strong>, Kyushu University, Fukuoka, Japan<br><strong>Ryan P. McMahan<\/strong>, University of Central Florida, Orlando, United States<br><strong>Yuri Mikawa<\/strong>, NTT Communication Science Laboratories, Kanagawa, Japan<br><strong>Mark Miller<\/strong>, Illinois Institute of Technology, Chicago, United States<br><strong>Shohei Mori<\/strong>, Graz University of Technology, Graz, Austria<br><strong>Christos Mousas<\/strong>, Purdue University, West Lafayette, United States<br><strong>Takuji Narumi<\/strong>, The University of Tokyo, Tokyo, Japan<br><strong>Joseph O&#8217;Hagan<\/strong>, University of Glasgow, Glasgow, United Kingdom<br><strong>Anne-H\u00e9l\u00e8ne Olivier<\/strong>, University of Rennes 2, Rennes, France<br><strong>Jason Orlosky<\/strong>, Osaka University, Toyonaka, Japan<br><strong>Francisco Ortega<\/strong>, Colorado State University, Ft. Collins, United States<br><strong>Alain Pagani<\/strong>, German Research Center for Artificial Intelligence, Kaiserslautern, Germany<br><strong>Junjun Pan<\/strong>, Beihang University, Beijing, China<br><strong>Xueni Pan<\/strong>, Goldsmiths, London, United Kingdom<br><strong>Etienne Peillard<\/strong>, IMT Atlantique, Brest, France<br><strong>Yifan (Evan) Peng<\/strong>, Stanford University, Stanford, United States<br><strong>Thies Pfeiffer<\/strong>, University of Applied Sciences Emden\/Leer, Emden, Germany<br><strong>Kevin Pfeil<\/strong>, University of North Florida, Jacksonville, United States<br><strong>Ken Pfeuffer<\/strong>, Aarhus University, Aarhus, Denmark<br><strong>Corey Pittman<\/strong>, University of North Florida, Jacksonville, United States<br><strong>Thammathip Piumsomboon<\/strong>, University of Canterbury, Christchurch, New Zealand<br><strong>David Plecher<\/strong>, Technical University of Munich, Munich, Germany<br><strong>Alexander Plopski<\/strong>, TU Graz, Graz, Austria<br><strong>Henning Pohl<\/strong>, Aalborg University, Aalborg, Denmark<br><strong>Voicu Popescu<\/strong>, Purdue University, West Lafayette, United States<br><strong>Arnaud Prouzeau<\/strong>, Universit\u00e9 Paris-Saclay, Inria, CNRS, Paris, France<br><strong>Parinya Punpongsanon<\/strong>, Saitama University, Saitama, Japan<br><strong>Katharina P\u00f6hlmann<\/strong>, University of Glasgow, Glasgow, United Kingdom<br><strong>Xueying Qin<\/strong>, Shandong University, Jinan, China<br><strong>John Quarles<\/strong>, University of Texas at San Antonio, San Antonio, United States<br><strong>Anna Queiroz<\/strong>, Stanford University, Stanford, United States<br><strong>Rafael Radkowski<\/strong>, Iowa State University, Ames, United States<br><strong>Andrew Robb<\/strong>, Clemson University, Clemson, United States<br><strong>Venkatakrishnan Roshan<\/strong>, University of Florida, Gainesville, United States<br><strong>Daniel Roth<\/strong>, Technical University of Munich, Munich, Germany<br><strong>Amela Sadagic<\/strong>, Naval Postgraduate School (NPS), Monterey, United States<br><strong>Hideo Saito<\/strong>, Keio University, Yokohama, Japan<br><strong>Nobuchika Sakata<\/strong>, Ryukoku University, Otsu, Japan<br><strong>Christian Sandor<\/strong>, City University of Hong Kong , Hong Kong, Hong Kong<br><strong>Sayan Sarcar<\/strong>, Birmingham City University, Birmingham, United Kingdom<br><strong>Dieter Schmalstieg<\/strong>, Graz University of Technology, Graz, Austria<br><strong>Tobias Schwandt<\/strong>, Technische Universit\u00e4t Ilmenau, Ilmenau, Germany<br><strong>Michael Sedlmair<\/strong>, University of Stuttgart, Stuttgart, Germany<br><strong>Marcos Serrano<\/strong>, IRIT &#8211; Elipse, Toulouse, France<br><strong>Adalberto Simeone<\/strong>, KU Leuven, Leuven, Belgium<br><strong>Richard Skarbez<\/strong>, Virginia Polytechnic Institute and State University, Blacksburg, United States<br><strong>Weitao Song<\/strong>, Beijing Institute of Technology, Beijing, China<br><strong>Mauricio Sousa<\/strong>, University Lisboa, Lisboa, Portugal<br><strong>Marc Stamminger<\/strong>, Friedrich-Alexander-Universit\u00e4t Erlangen-N\u00fcrnberg, Erlangen, Germany<br><strong>Anthony Steed<\/strong>, University College London, London, United Kingdom<br><strong>Wolfgang Stuerzlinger<\/strong>, Simon Fraser University, Vancouver, Canada<br><strong>Evan Suma Rosenberg<\/strong>, University of Minnesota, Minneapolis, United States<br><strong>Bo Sun<\/strong>, Rowan University, Glassboro, United States<br><strong>Qi Sun<\/strong>, New York University, New York, United States<br><strong>Jonathan Sutton<\/strong>, University of Copenhagen, Copenhagen, Denmark<br><strong>J. Edward Swan<\/strong>, Mississippi State University, Mississippi State, United States<br><strong>Bruce Thomas<\/strong>, University of South Australia, Mawson Lakes, Australia<br><strong>Yuki Uranishi<\/strong>, Osaka Univercity, Toyonaka, Japan<br><strong>Antonio Uva<\/strong>, Polytechnic Institute of Bari, Bari, Italy<br><strong>Radu-Daniel Vatavu<\/strong>, \u0218tefan cel Mare University of Suceava, Suceava, Romania<br><strong>Rohith Venkatakrishnan<\/strong>, Clemson University, Clemson, United States<br><strong>Matias Volonte<\/strong>, Clemson University, Charleston, United States<br><strong>Jos\u00e9 V\u00e1zquez<\/strong>, Facultad Polit\u00e9cnica, UNA, Asunci\u00f3n, Paraguay<br><strong>James A. Walsh<\/strong>, University of South Australia, Mawson Lakes, Australia<br><strong>Lili Wang<\/strong>, Beihang University, Beijing, China<br><strong>Miao Wang<\/strong>, Beihang University, Beijing, China<br><strong>Yoshihiro Watanabe<\/strong>, Tokyo Institute of Technology, Tokyo, Japan<br><strong>Maheshya Weerasinghe<\/strong>, University of Primorska, Koper, Slovenia<br><strong>Florian Weidner<\/strong>, Lancaster University, Lancaster, United Kingdom<br><strong>Tim Weissker<\/strong>, RWTH Aachen University, Aachen, Germany<br><strong>Richard Wetzel<\/strong>, DePaul University, Chicago, United States<br><strong>Benjamin Weyers<\/strong>, Trier University, Trier, Germany<br><strong>Graham Wilson<\/strong>, University of Glasgow, Glasgow, United Kingdom<br><strong>Xinxing Xia<\/strong>, Nanyang Technological University, Singapore, Singapore<br><strong>Wenge Xu<\/strong>, Birmingham City University, Birmingham, United Kingdom<br><strong>Goshiro Yamamoto<\/strong>, Kyoto University, Kyoto, Japan<br><strong>Xubo Yang<\/strong>, SHANGHAI JIAO TONG UNIVERSITY, SHANGHAI, China<br><strong>Kevin Yu<\/strong>, medPhoton GmbH, Salzburg, Austria<br><strong>Mikawa Yuri<\/strong>, NTT Communication Science Laboratories, Kanagawa, Japan<br><strong>Guofeng Zhang<\/strong>, Zhejiang University, Hangzhou, China<br><strong>Song-Hai Zhang<\/strong>, Tsinghua University, Beijing, China<br><strong>Yuhang Zhao<\/strong>, University of Wisconsin-Madison, Madison, United States<br><strong>Katja Zibrek<\/strong>, INRIA, Rennes, France<\/p>\n\n\n\n<div style=\"height:100px\" aria-hidden=\"true\" class=\"wp-block-spacer\"><\/div>\n","protected":false},"excerpt":{"rendered":"<p>Program Chairs Ulrich Eck, TU Munich, Munich, GermanyMisha Sra, UC Santa Barbara, Santa Barbara, United StatesJeanine Stefanucci, University of Utah, Salt Lake City, United StatesMaki Sugimoto, Keio University, Tokyo, JapanMarkus Tatzgern, Salzburg University of Applied Sciences, Salzburg, AustriaIan Williams, Birmingham City University, Birmingham, United Kingdom Committee Members Matt Adcock, CSIRO, [&hellip;]<\/p>\n","protected":false},"author":1,"featured_media":0,"parent":0,"menu_order":0,"comment_status":"closed","ping_status":"closed","template":"","meta":{"footnotes":""},"class_list":["post-565","page","type-page","status-publish","hentry"],"_links":{"self":[{"href":"https:\/\/ieeeismar.org\/wp-json\/wp\/v2\/pages\/565","targetHints":{"allow":["GET"]}}],"collection":[{"href":"https:\/\/ieeeismar.org\/wp-json\/wp\/v2\/pages"}],"about":[{"href":"https:\/\/ieeeismar.org\/wp-json\/wp\/v2\/types\/page"}],"author":[{"embeddable":true,"href":"https:\/\/ieeeismar.org\/wp-json\/wp\/v2\/users\/1"}],"replies":[{"embeddable":true,"href":"https:\/\/ieeeismar.org\/wp-json\/wp\/v2\/comments?post=565"}],"version-history":[{"count":8,"href":"https:\/\/ieeeismar.org\/wp-json\/wp\/v2\/pages\/565\/revisions"}],"predecessor-version":[{"id":708,"href":"https:\/\/ieeeismar.org\/wp-json\/wp\/v2\/pages\/565\/revisions\/708"}],"wp:attachment":[{"href":"https:\/\/ieeeismar.org\/wp-json\/wp\/v2\/media?parent=565"}],"curies":[{"name":"wp","href":"https:\/\/api.w.org\/{rel}","templated":true}]}}